
-15
Let c(x) = x. Let z(w) = 4*w + 1. Let o(j) = 9*c(j) - 2*z(j). Let h(q) = 6*q - 11. Let p(f) = -2*h(f) + 11*o(f). Determine p(-3).
3
Let a = -17 + 16. Let k(f) be the first derivative of 1 + 0*f + 1/2*f**2 + 1/2*f**4 + 1/3*f**3. Give k(a).
-2
Let c(t) = -5*t**3 - 5*t**2 - t - 2. Let o(b) = -b**3 - b**2 - 1. Let q(w) = c(w) - 3*o(w). Suppose n = -2*s - 4, s + 2 = -2*n - 2*n. Give q(s).
11
Let f(x) = 4*x - 1. Let t be f(1). Let z(m) be the second derivative of -m**2 - m - 1/12*m**4 + 1/6*m**3 + 0. Calculate z(t).
-8
Let n(t) be the third derivative of t**5/60 - t**4/3 - t**3/6 - t**2. Calculate n(6).
-13
Let w(y) be the second derivative of -y**5/60 + y**4/24 - y**3/2 + 2*y. Let q(k) be the second derivative of w(k). Calculate q(4).
-7
Suppose b = 4*u - 0 - 11, 4*b = -5*u + 40. Let o = 0 + b. Let r(h) = -h**3 + 6*h**2 - 4*h. Give r(o).
5
Let t(d) = 0*d - d**2 + 8*d + d - 6. Give t(7).
8
Let g(h) = -h**3 + 6*h**2 - 7*h + 6. Suppose 8*b - b - 35 = 0. Give g(b).
-4
Let u(p) = 5 - 7*p + 57*p**3 - 58*p**3 - p**2 + 9*p**2. Calculate u(7).
5
Let z(a) = 5 + 1 + 5 + a. Let m = -4 + 1. Let w = 3 + m. Determine z(w).
11
Let q(z) = z**3 - z**2 - z. Let c be q(2). Let n(j) = -4*j - 4*j**2 - j + c*j + j**2. Calculate n(-2).
-6
Let i(x) be the third derivative of -x**4/24 - 2*x**3/3 + 18*x**2. Calculate i(3).
-7
Suppose -1 + 8 = 4*o - 3*h, -2*o = -2*h - 6. Let y(t) = 6*t**3 - 4*t**2 + t - 1. Let x(b) = -b**3 + b**2. Let j(l) = -5*x(l) - y(l). Give j(o).
7
Let v(f) = 2*f**2 + 6*f + 5. Let s(x) = 3*x**2 + 6*x + 5. Let d(p) = -3*s(p) + 4*v(p). Determine d(5).
10
Let k(u) = -1 + 6 + u + 0*u. Let w(q) = q - 10. Let a be w(6). Calculate k(a).
1
Let c(f) = f**2 - 6*f + 2. Suppose v - 20 = -5*z, -3*v - v = -3*z + 35. Determine c(z).
-3
Let a(f) = -2 + 15*f + 2*f + 3 - 5*f. Calculate a(1).
13
Let q(z) = z - 1. Let d be q(1). Let y(r) = -4 + r + 4 + d*r. Let b(n) = 2*n**2 + n. Let u be b(1). What is y(u)?
3
Let d(j) = -8 + 5 + 2 + 10*j**2. What is d(1)?
9
Let h(r) be the second derivative of r**4/12 + 2*r**3/3 + 3*r**2/2 + 3*r. Suppose 3 + 13 = -4*f. Calculate h(f).
3
Let q(y) be the second derivative of 1/24*y**4 - y - 5/6*y**3 + 3/2*y**2 + 0. Let f(b) be the first derivative of q(b). Give f(3).
-2
Let h(s) = 4*s**2 - 2*s - 1. Let m be -1*(0 - -1) - 2. Let w be (-2)/(-2) - (4 + m). Suppose 2*b = -2 - w. What is h(b)?
5
Let y(w) = 3*w. Let s = 4 - 8. Let g(o) = -2 + 1 + 2*o + 1. Let d(z) = s*g(z) + 3*y(z). Determine d(-3).
-3
Suppose -3*a = -0*a. Let c be -5 + a/(0 - -2). Let d(b) = 9*b**2 + 13*b - 1. Let v(f) = -4*f**2 - 6*f + 1. Let u(t) = 3*d(t) + 7*v(t). Calculate u(c).
-6
Let x = -10 - -12. Let v(z) = -2*z**2 - 2*z + 2. Give v(x).
-10
Let f(r) be the second derivative of -r**4/12 + 3*r**2/2 + 11*r + 1. Give f(-3).
-6
Let g(n) be the first derivative of -n**3/3 - 3*n**2/2 - n - 18. Let i be 3/(-12) + (-14)/8. Let k = -7 - i. Determine g(k).
-11
Let r be (-15)/(-6)*(-36)/(-30). Let d(w) = -w**3 + 5*w - 4. Calculate d(r).
-16
Let g(d) be the second derivative of d**2/2 + 3*d. Let f(s) = -s. Suppose -5*v - 2*l = -6*l - 10, 12 = 4*v - 4*l. Let b(m) = v*f(m) + 3*g(m). Determine b(-4).
-5
Let o be 0 - (-1 + 4 + 2). Let c(m) = -3*m - 6. Let b(s) = s + 3. Let u(k) = o*b(k) - 2*c(k). Give u(6).
3
Let d(n) = -n**3 + 6*n**2 + 9*n - 4. Suppose 4*r + 43 = 5*u, 4*r - 7*r = u - 1. Calculate d(u).
10
Let v be 4*(-1 + (-21)/(-12)). Let s(z) = 0*z**2 + 0*z**3 - 2*z**3 + 3*z**v - 2*z + 2*z**2 - 1. What is s(-2)?
3
Suppose -39 = -m + 5*m - 3*b, 0 = m - 4*b + 13. Let v(g) = g + 14. Give v(m).
5
Let s(f) = 3*f + f - 5*f + 6. Let g(v) = -6*v - 84. Let z(u) = u + 17. Let b(n) = 2*g(n) + 11*z(n). Let x be b(14). What is s(x)?
1
Let j(v) be the second derivative of -v**3/6 + v**2 + v. Let a(w) = w**2 - 8*w + 2. Let m be a(8). Suppose m*p + 19 = 9. Determine j(p).
7
Let m be (-1 + 1 - 1) + 0. Let l be (-1)/3 - m/3. Let t(g) = g**3 + 5. Determine t(l).
5
Let y(a) = -a**2 - a. Let i(m) = 0 - 2 - m**2 + 1 + 0*m - 3*m. Let d(t) = i(t) - 5*y(t). Determine d(1).
5
Let s(v) = v**2 - 6*v. Let g(z) = -z**2 + 6*z + 1. Let o(x) = -3*g(x) - 4*s(x). Suppose -w + 0 = -4. Give o(w).
5
Let v be 4*2/((-16)/(-26)). Let l = 10 - v. Let g(a) = -a**2 - 2*a - 2. What is g(l)?
-5
Let y(m) = m**3 + 6*m**2 - 2. Let f = 12 - 4. Let z = f - 14. Calculate y(z).
-2
Let j be ((-2)/(-4))/((-1)/2). Let q be 0 - 0 - j - 2. Let m(k) = -30*k**2 + 12*k**2 + 18*k**2 + 5*k**3 - 1. Determine m(q).
-6
Let r(s) = s**3 - 4*s**2 - 4*s - 4. Let d(y) = y**3 - 8*y**2 - 10*y + 14. Let k be d(9). What is r(k)?
1
Let i(b) be the second derivative of -b**5/20 + b**4/3 + 2*b**3/3 + 3*b**2/2 + 15*b - 2. Let r = 18 + -13. Determine i(r).
-2
Let t = 5 - -9. Suppose t = 2*d - 18. Suppose -z - d = -5*z. Let r(f) = -f**3 + 5*f**2 - 3*f + 2. Calculate r(z).
6
Let j(u) be the second derivative of -u**5/20 - u**4/4 + 2*u**3/3 - 5*u**2/2 + u. Give j(-4).
-5
Let o(k) = -4*k - 4. Let b(c) = -5*c - 3. Let y(x) = 4*b(x) - 3*o(x). Calculate y(-1).
8
Let c be (1/(-2))/(2/(-16)). Let q be (-1)/(((-12)/(-15))/c). Let d(f) = 4*f - 3*f - 3 + 1. Give d(q).
-7
Let w(l) = -13*l**3 - 17*l**2 + 9*l - 9. Let v(n) = 7*n**3 + 9*n**2 - 5*n + 5. Let r(s) = 11*v(s) + 6*w(s). Calculate r(-3).
4
Let h(d) = 5*d. Suppose -k + 2*v - 1 - 1 = 0, k + 10 = -2*v. Let a be (6/(-4))/(k/(-8)). Let r be a*((-15)/6 + 2). Determine h(r).
5
Let h(o) be the third derivative of -5/2*o**3 + 0*o - 2*o**2 + 0 + 7/24*o**4 - 1/6*o**5. Let c(r) = 3*r**2 - 2*r + 5. Let a(n) = 7*c(n) + 2*h(n). Give a(0).
5
Let w be -1 + (1/1 - -2). Let f(d) = -1 - d**w + 0*d - d - d**2 - d. Calculate f(-1).
-1
Let c(q) = q**2 + 3*q. Suppose 0 = y - 2*y + 3*g + 14, -2*g = 2*y + 4. Let b(v) = -v**3 + 4*v**2 - 2*v - 1. Let s be b(y). Suppose s = 2*f + 11. Give c(f).
4
Suppose 0 = -o + 2*o. Suppose -3*i - 26 + 8 = o. Let g(x) = 0*x - 5*x + 0*x + x**3 + 5*x**2 + 1. What is g(i)?
-5
Let t(c) be the second derivative of 3/2*c**2 + 0 + 1/3*c**3 + 6*c. Calculate t(-4).
-5
Let m(q) = -q**2 + 5*q - 5. Suppose 0 = -s - 2*s - 2*h + 12, 4*s = -2*h + 16. Calculate m(s).
-1
Let x(v) = -5 - 1 + 4 - 2*v - 4*v**2 + 5*v**2. Let p = -3 - -2. Let m be 4 + 0 + p + 0. Calculate x(m).
1
Let y(m) = -16*m**2 + m + 46. Let n(i) = 0 + 3*i**2 - 9 + 0*i**2. Let k(b) = -11*n(b) - 2*y(b). Suppose -2*d = 10, 0 = 3*w - 5*d + 4 - 14. What is k(w)?
-8
Let m(o) = 2*o**2 + 2. Let a(w) = -w**2 + w - 3. Let u(n) = 3*a(n) + 2*m(n). What is u(-6)?
13
Let f(n) = -n**2 + 2. Let s(v) = -v**2 - 8*v - 2. Let t(p) = p**2 - 8*p - 8. Suppose -5*m - 9 = -49. Let a be t(m). Let c be s(a). Give f(c).
-2
Let a be 4 - -3*3/(-9). Let z(y) = 3*y**a + 0 - 2*y - 3 - 2*y**2 + 3. Give z(2).
12
Let f(u) = -3*u + 5. Suppose 0 = -2*a + 37 - 23. What is f(a)?
-16
Let s(k) be the second derivative of k**4/3 + k**3/6 - 5*k. Determine s(-1).
3
Let k(q) be the second derivative of -1/20*q**5 - 3/2*q**2 + q**3 + 0 - 2*q - 5/12*q**4. Determine k(-6).
-3
Suppose -5*t - 6 = -1. Let a(y) = -2*y + 7. Let s(r) = -r + 1. Let z(j) = t*a(j) + 3*s(j). What is z(-6)?
2
Let t(o) = -o**3 - 15 + 26 + 5*o**2 + 7*o - 4. What is t(6)?
13
Let x(l) be the first derivative of -l + 4. Let a(g) = g - 1. Let i = -11 + 16. Let j(f) = i*x(f) - a(f). Determine j(-4).
0
Suppose -3*t = t - 36. Let w be 42/t - 4/(-12). Let a(k) = -3*k + 7. What is a(w)?
-8
Let p(j) = -2*j**2 + 17*j + 9. Let d(l) = -3*l + 4 + l - l**2 + 11*l. Let b = -76 + 81. Let n(c) = b*d(c) - 3*p(c). Calculate n(6).
-7
Let w(b) = -37*b**3 - 5*b**2 + 5*b + 7. Let p(o) = -18*o**3 - 3*o**2 + 3*o + 4. Let r(u) = -5*p(u) + 3*w(u). Determine r(1).
-20
Let c(b) = -5*b + 44 - 37 + 3*b. Calculate c(6).
-5
Let f(i) be the third derivative of i**5/60 + i**4/12 - i**3/2 + 5*i**2. What is f(2)?
5
Let g = -19 - -23. Let j(h) = h**2 - 2*h + 4. What is j(g)?
12
Let q(h) = -h + 28. Let a be q(13). Suppose 2*w = -2*m - 4, -5*m - 22 = -3*w + 12. Suppose 2*j = -w*j - a. Let p(n) = n**2 + n - 1. Calculate p(j).
5
Suppose u + 0*u - y - 3 = 0, -3*u = 5*y - 1. Let s(o) = u - 2*o + 1 + 0 + o**2. Give s(2).
3
Let u(p) be the second derivative of -p**2 - 5/6*p**3 - 2*p + 1/12*p**4 + 0. Give u(4).
-6
Let i(p) = 4*p - 5. Suppose -v - 6*u + 4 = -u, -4 = v + u. What is i(v)?
-29
Let v(z) = -7*z**2 + 2*z - 3. Let x(i) = -8*i**2 + 2*i - 3. Let w(h) = -6*v(h) + 5*x(h).